*z - 1. Let l be m(8). Calculate the greatest common factor of 75 and l.
15
Let z be (-1)/3 + (-236)/(-6). Let b be 1 + (0 - 1)*-25. Calculate the greatest common factor of b and z.
13
Let y = 23 - 4. Calculate the greatest common divisor of y and 95.
19
Let g(h) = h**3 - 6*h**2 + 7*h. Let o be g(5). Let l(v) = 5*v**3 + 3*v**2 - 2. Let x be l(2). What is the highest common divisor of x and o?
10
Let v(q) = 2*q + 7. Let n be v(3). What is the highest common divisor of n and 26?
13
Let o = -10 - -21. Suppose -3*b + 2*g - 7*g = -o, 29 = 5*b + 3*g. What is the greatest common divisor of 7 and b?
7
Let r(c) = 3*c**2 + 2*c - 2. Let y be 1/(-3) - 15/9. Let o be r(y). Let h be 202/o - 10/15. Calculate the greatest common divisor of 11 and h.
11
Let x be ((-43)/172)/((-1)/(4 + 0)). Let w be (2*2)/((-2)/(-1)). Calculate the highest common factor of x and w.
1
Suppose -4*u = -0*u - 20. Suppose -12*c + 17*c = 225. Calculate the highest common divisor of c and u.
5
Let a(l) = -36*l - 2. Let w be a(-2). Suppose 2*r - 84 = -r. What is the highest common divisor of w and r?
14
Let s(h) = 27*h**2 + 2*h. Let b be s(2). Suppose -61*x + 60*x = 3*t - 23, 5*t = 15. What is the highest common factor of b and x?
14
Let p be 2/11 - 14/77. Let i(a) = -a**3 + a**2 + 23. Let l be i(p). What is the highest common divisor of l and 23?
23
Let c = -2 - 1. Let x = c - -13. What is the highest common divisor of 30 and x?
10
Suppose 0 = 5*x - 3*x - 2. Let h be 70/9 + 4/18. Let u be -1 + -1 - h/(-2). What is the highest common factor of x and u?
1
Let i = 63 - 255. Let k = -137 - i. What is the highest common factor of 11 and k?
11
Suppose -75 = -4*h + 5*k, 0 = 2*k - 7 - 3. Calculate the highest common factor of 75 and h.
25
Suppose -2*f - 8*f = -800. What is the greatest common factor of f and 32?
16
Suppose 3*r - 80 = -r + w, -3*r = -3*w - 60. Calculate the greatest common factor of r and 50.
10
Let y(q) = q**2 + 5*q - 2. Let x be y(-6). Suppose -5*d + 35 = -0*d. Let o be 1518/42 + (-1)/d. Calculate the greatest common divisor of x and o.
4
Let x = -15 - -24. Let z = 15 - x. Let k be (24/10)/((-5)/(-25)). What is the highest common factor of z and k?
6
Suppose 242 = -3*n + 4*n. What is the greatest common factor of n and 22?
22
Let q(k) = -k**3 - 7*k**2 - 4*k + 2. Let a be q(-7). What is the highest common factor of a and 45?
15
Let x(v) = -v**3 + 4*v**2 + 8*v - 3. Let n be x(5). Let j(h) = 8*h + 8. Let w be j(7). Let g = 196 - w. Calculate the highest common factor of n and g.
12
Suppose -4*p + 2 = 2*x - 6, -x = 0. Suppose -3*l - 3*i + 447 = 0, -8 - 2 = p*i. Calculate the greatest common divisor of l and 14.
14
Let d = 42 + -14. Suppose d = -3*u + 5*u. Suppose 7 = p - u. Calculate the greatest common factor of 3 and p.
3
Suppose -2*o = 2*o - 8. Suppose 3*b = 5*h - 25, -o*h + 2*b - 8 = -22. What is the highest common factor of h and 3?
1
Suppose -88 = -3*h - h. Suppose -40 = -k - 18. Calculate the highest common divisor of h and k.
22
Let v(o) = o**2 - 9*o - 18. Let z be v(15). What is the highest common factor of z and 9?
9
Suppose 0 = -3*a + 218 + 7. Calculate the highest common divisor of 25 and a.
25
Let f(x) be the first derivative of x**3/3 - 9*x**2/2 + 12*x + 4. Let p be f(10). Calculate the greatest common divisor of p and 2.
2
Let c = 109 - 54. What is the highest common divisor of 22 and c?
11
Suppose -3*p + 114 = 2*w, -3*p + 67 = w + 13. Suppose 0 = -v - 0*v + 17. Let j = -5 + v. What is the highest common factor of j and w?
12
Let r = -19 + 21. Calculate the highest common factor of 4 and r.
2
Let z be (-123)/(-3) + -6 + 2 + 2. What is the highest common divisor of 26 and z?
13
Let s(n) = -12*n**3 - 2*n - 1. Suppose -4*p + 6 = -g + 3*g, 0 = 3*p + 4*g - 17. Let i be s(p). What is the highest common factor of 13 and i?
13
Let t be 585/4 - (-12)/16. Calculate the greatest common divisor of t and 21.
21
Suppose 0*g + g = 99. Let d(r) = 14*r - 47. Let f be d(4). Calculate the highest common divisor of f and g.
9
Suppose 4*q = -3*u + 41, 9 - 48 = -3*q - 5*u. Suppose -2*d - 36 = -5*d. Let o be (d/(-9))/(2/(-6)). Calculate the greatest common divisor of o and q.
4
Let a(t) = -t - 3. Let j be a(0). Let g be (0 - -1)*(5 - j). Let p = -31 + 55. Calculate the highest common factor of p and g.
8
Let w(m) = -m - 2. Let s be w(-4). What is the highest common factor of s and 2?
2
Let q be 11 + -8 + 21/1. What is the highest common divisor of q and 36?
12
Suppose -1 = -j - 7. Let l be (-68)/18 + j/27. Let w = -3 - l. What is the greatest common factor of w and 8?
1
Let t be (-1314)/(-30) + (-2)/(-10). What is the highest common factor of 4 and t?
4
Let z = -9 - -21. Suppose 0 = -5*r + 9*r - z. What is the greatest common factor of 33 and r?
3
Suppose 2*n + 20 = -2*b, -5*n - 48 = 4*b + 7. Let x = -2 - n. Calculate the greatest common divisor of x and 91.
13
Suppose 447 = -5*x + s, -x + 4*s + 0*s - 78 = 0. Let a = 126 + x. Calculate the highest common factor of 24 and a.
12
Let f be (3 - 3) + 0 + 33. What is the greatest common factor of 3 and f?
3
Let n = -23 + 25. Calculate the greatest common divisor of 6 and n.
2
Suppose -5*a = -270 - 5. Let s be 130/6 - (-3)/9. What is the highest common divisor of a and s?
11
Let t = -9 + 11. Suppose t*j + 52 - 164 = 0. Calculate the highest common factor of j and 14.
14
Let c(k) = k**2 + 3*k + 5. Let s be c(-6). Let b = 37 - s. Let y = b + -3. Calculate the greatest common divisor of 77 and y.
11
Suppose -2 - 7 = -3*s. Suppose 18 = 4*v + g - 140, s*g - 6 = 0. What is the highest common divisor of v and 13?
13
Let u(l) = l**2 + 4. Let q be u(-3). Suppose 2*p - 64 = -5*o, -q = 2*p + 3*o - 77. What is the greatest common factor of p and 4?
4
Suppose -2*s = -5*m - 32 - 4, -40 = -4*s + 2*m. What is the greatest common divisor of 24 and s?
8
Suppose -2*m = 3*v + 103 + 30, 0 = -5*m + 5*v - 295. Let d = -40 - m. What is the greatest common factor of d and 55?
11
Let p = -14 - -26. Suppose 9 = 2*h + h - v, -h + 5*v = -3. Calculate the highest common factor of p and h.
3
Let n = -677 + 688. Suppose q + 3 = j + 49, 126 = 3*q + 3*j. Calculate the greatest common factor of n and q.
11
Suppose -3*i = -0*d + d - 30, -i - 3*d + 10 = 0. Let c = 11 + -1. What is the highest common factor of c and i?
10
Let s be (4/5)/((-1)/10). Let m = 14 + s. What is the greatest common divisor of m and 42?
6
Suppose 5*u + 2*x - 58 = -x, -2*x - 64 = -4*u. Let k = -3 + 5. Let t be 5*8 + k + 0. Calculate the greatest common divisor of t and u.
14
Let b(t) = 5*t**2 + 2*t + 1. Suppose 0 = 3*k + 2*k + 5. Let s be b(k). Let r = s - -2. What is the highest common divisor of 24 and r?
6
Let i = -2 - 5. Let r = -5 - i. Let h = 10 + r. Calculate the greatest common factor of 6 and h.
6
Suppose 2*q = 5*k + 46, -4*q - 3*k - 2 + 42 = 0. Let w = 24 - 42. Let i = w - -44. What is the greatest common factor of i and q?
13
Let t be (-27)/(-12)*(-16)/6. Let g be ((-9)/t)/((-9)/(-12)). Calculate the greatest common factor of 8 and g.
2
Let r(p) = -23*p - 9. Let u be r(-7). Suppose j = -3*j + u. Let k = 66 - j. What is the greatest common factor of 42 and k?
14
Let j(y) = -y + 6. Let w be j(-1). What is the highest common factor of 77 and w?
7
Suppose 141 = 3*s - 0*s. Suppose 3*a - s = 13. Let p be 147 + -9 + 2/1. Calculate the highest common factor of p and a.
20
Let a be (44/55)/(2/25). Calculate the greatest common factor of a and 50.
10
Suppose -2*i = -7*i + 15. Let t be (4 - i)/(2/(-6)). Let m be 54*(3 - t/(-2)). Calculate the greatest common divisor of m and 9.
9
Let p be 273/4 - 1/4. Let a = 116 - p. Let o(r) = 73*r**3 - r**2 - r + 1. Let g be o(1). Calculate the highest common factor of g and a.
24
Let j be (-18)/3*3/(-2). Let q = -1 + j. What is the greatest common divisor of 72 and q?
8
Suppose 3*s + 6 = -0*s. Let i be (s - -77) + (-1 - -1). Suppose 0 = 5*a - 5*r - 80, -r = 4*a + 1 - i. Calculate the highest common factor of 54 and a.
18
Let n = -3 + 3. Suppose -121 = -n*f - f. Calculate the greatest common factor of f and 11.
11
Let r = 1224 - 1834. Let k be r/15 + 2/3. Let q be k/6*(-6)/4. What is the highest common divisor of q and 70?
10
Suppose 3*z - 38 = -11. Let n be -2 + (z - -2) + 1. What is the highest common factor of n and 2?
2
Let p(u) = u**3 - 13*u**2 - u + 15. Let m 